4*n**2 - 11*n. Let g(y) = 2*y**3 + 9*y**2 - 22*y. Let m(b) = 3*g(b) - 5*w(b). What are the prime factors of m(-8)?
2, 3
Suppose 0 = -7*z + 2*z + 40. Let f = 77 - 53. Let m = f - z. List the prime factors of m.
2
Suppose 5*r - r = 32. Let a = r + 31. What are the prime factors of a?
3, 13
List the prime factors of (-416)/(-40) + (-3)/(-5).
11
Suppose 4*p + 0 = 12. Suppose p*f = 9, -t - 4*f + 20 = -4. List the prime factors of t.
2, 3
Let o = -46 - -101. Suppose -2*n = -0*f - f - 13, -o = -5*n - 2*f. What are the prime factors of n?
3
List the prime factors of 19422/63 + (-4)/14.
2, 7, 11
Let x = 14 - 10. Suppose 0 = 5*a + x*f - 108 - 5, -2*f = 6. What are the prime factors of a?
5
Let x = -96 + 143. What are the prime factors of x?
47
Let p(a) = a**3 - 20*a**2 + 19*a + 21. List the prime factors of p(19).
3, 7
Let i be (0 + -1)/(9/(-18)). Let w = -2 + 7. Suppose 0 = -2*a, -w*a - 28 = -4*s + i*s. List the prime factors of s.
2, 7
Let g = 814 - 523. What are the prime factors of g?
3, 97
Let u = 162 + -82. List the prime factors of u.
2, 5
Suppose 5*d = -3*t + 27, 5*d - 3 = 3*t - 0. Suppose t*o + 8 = -0*o. List the prime factors of 8 - (-1 + o + 2).
3
Suppose -3 - 3 = -3*l. Suppose 2*h - l = 4. List the prime factors of h.
3
Suppose -79 = -4*s + 69. Let m = 3 + -25. Let n = m + s. What are the prime factors of n?
3, 5
Let n = 91 - 16. What are the prime factors of n?
3, 5
Let u(v) = -2. Let m(b) = -b + 2. Let x(l) = 4*m(l) + 5*u(l). What are the prime factors of x(-5)?
2, 3
Suppose 0 = -3*m + 2*u + 16, 5*m - 14 = -2*u - u. Suppose -m*b + 4*j = -36, -b - 3*b = 2*j - 60. List the prime factors of b.
13
Let h = -41 + 47. List the prime factors of h.
2, 3
Suppose 267 + 268 = 5*b. What are the prime factors of b?
107
Let i(v) = -v**3 + 6*v**2 - 5*v - 6. Let y be i(5). Let q be (-87)/(-5) - y/(-15). Suppose -3*f + q = -2*f. List the prime factors of f.
17
Let h(s) = 3 - 5 - 3*s**2 + 4*s**2. Suppose -n - 2*r = -3*r - 2, n + 4*r = -18. What are the prime factors of h(n)?
2
Suppose 4*u - 15 = -3*j, u + 0*u = j + 2. Suppose -5*c = u - 18. List the prime factors of c.
3
Suppose -g + 562 = 209. What are the prime factors of g?
353
List the prime factors of (0 - (2 - (-333)/(-3))) + 2.
3, 37
Let w(d) be the third derivative of d**6/180 + d**5/60 - d**4/8 + 3*d**2. Let i(x) be the second derivative of w(x). What are the prime factors of i(3)?
2, 7
Suppose 0*t - 840 = -5*t. Suppose 3*p + 2*q = 99, 0 = -3*p + 2*q - 57 + t. What are the prime factors of p?
5, 7
Suppose -3*y - 2*y = -4*w - 130, -27 = w - 4*y. Let h = w + 49. What are the prime factors of ((-18)/(-7))/(2/h)?
2, 3
Let r(v) = -10*v**3 - 2*v**2 - 2*v - 1. Let b be r(-1). Let m(p) = -2 + b*p - 6*p - p**2 + 5*p - 6. What are the prime factors of m(6)?
2
Suppose -3*z - 2*z = -90. Let q = z + -10. List the prime factors of q.
2
Suppose -5*h + 2*g = -4*h - 33, -g = -4*h + 146. List the prime factors of h.
37
Suppose 3*k = 2*r - 0*r - 27, 41 = -5*k + 2*r. Let n = -7 - k. Suppose 0 = 4*d + 4*t - 93 + 25, n = 2*t - 4. List the prime factors of d.
3, 5
Suppose 68 = 5*i - 272. List the prime factors of i.
2, 17
Suppose 10*z = 12*z - 198. What are the prime factors of z?
3, 11
Let w = -4 - -9. List the prime factors of w.
5
Suppose 45 = -3*u + 4*u. List the prime factors of u.
3, 5
Suppose 5*s - 9*s = 4*k - 104, 3*k = 5*s + 118. What are the prime factors of k?
31
Suppose 4*g = 2*g - 62. Suppose -5*f - 90 = 2*h, 6*f = 2*f - 2*h - 70. Let c = f - g. What are the prime factors of c?
11
Suppose 58 = r - 4*t, -4*r = -2*t - 183 - 7. What are the prime factors of r?
2, 23
What are the prime factors of (0/4)/(-3) + 9/1?
3
Let f(o) = o**3 + 3*o**2 + 1. Let p be f(-3). Suppose p + 0 = u. Suppose -y + u = -1. List the prime factors of y.
2
Let t = 225 + -130. Suppose -6*u = -u - t. What are the prime factors of u?
19
Suppose -m = -2*m. Let x = 51 - 16. Suppose m = -3*d + 4*o + 25, -2*d = -0*d + o - x. List the prime factors of d.
3, 5
Suppose 6*y - 205 = y. What are the prime factors of y?
41
Let u(b) = 1 - b - b**3 + 5*b**3 + 2*b**2 - 3*b**3. Let s be u(2). Suppose s + 24 = 4*g - w, -5*g + 48 = -w. What are the prime factors of g?
3
Let f(y) = 2*y**2 - 6*y - 8. What are the prime factors of f(6)?
2, 7
Let d be -1 + 64/((-2)/(-1)). Let n = d + -10. List the prime factors of n.
3, 7
Let t be ((-4)/6)/(4/6). Let p = t + 25. List the prime factors of p.
2, 3
Suppose -5*t - 8 = -3. Let m be 1 + -1 - (-3 - -1). Let d = m - t. What are the prime factors of d?
3
Let x(j) = 3*j**2 - 1. Let h be x(1). Let g = h + 19. What are the prime factors of g?
3, 7
Suppose 3*f + 3*z + 12 = 0, -2*f + z = -0*f + 20. List the prime factors of (60/f)/((-3)/4).
2, 5
Let t(g) = -2*g - 17. Let a be t(-17). Let x = 2 + a. List the prime factors of x.
19
Suppose -2*g + 5*i = -37, -2*g - i + 7 = -0*i. Let w(u) = 5*u - 1. Let q(v) = -v. Let b(y) = 4*q(y) + w(y). What are the prime factors of b(g)?
5
Suppose -2*v = -4*f - 124, -208 - 134 = -5*v + 2*f. Suppose -i - v = -6*i. What are the prime factors of i?
2, 7
Let m = -8 - -15. Suppose 4*k - 35 = -l, 0 = 2*k - k - 5*l + m. List the prime factors of k + (12/(-3))/(-2).
2, 5
Let x(v) = 23*v**2 - 2*v + 4. List the prime factors of x(2).
2, 23
Let m(y) = y**3 - 7*y**2 + 5*y - 10. List the prime factors of m(7).
5
Let r(l) = 3*l - 4. Let o(j) = -j**3 - j + 8. Let q be o(0). What are the prime factors of r(q)?
2, 5
Suppose -3 + 33 = 3*v + 5*s, -5*s - 10 = -v. Let m = 18 - v. Let q = -1 + m. What are the prime factors of q?
7
Let g be (-6 - -2)*(-2)/4. Let a(f) = f + 2*f + 3*f + 2*f - f**g - 2. List the prime factors of a(7).
5
Let m be 0*1/(-4) - -22. List the prime factors of (-66)/(-4) - (-11)/m.
17
Let z(m) = 2*m - 2. Suppose -6*t + 4*t = -14. List the prime factors of z(t).
2, 3
Let g(w) be the third derivative of w**6/120 + w**5/10 - w**4/6 + w**3 + 6*w**2. List the prime factors of g(-6).
2, 3, 5
Let i(v) be the third derivative of -v**5/60 + 2*v**2. Let b be i(2). What are the prime factors of 3*(-1)/3*b?
2
Let y = 37 - 10. List the prime factors of y.
3
Suppose -3*y = -365 + 8. What are the prime factors of y?
7, 17
Let r be 12*(42/4)/7. Suppose 3*k + 41 = 2*d, 2*d - 4*k = d + r. What are the prime factors of d?
2, 11
Let d(v) = 5*v + 10. Let r(q) = -6*q - 10. Let f(k) = -3*d(k) - 2*r(k). What are the prime factors of f(-8)?
2, 7
Suppose 7*k - 100 = 2*k. List the prime factors of k.
2, 5
Suppose 3*a = -a + 232. Let v = a - 36. What are the prime factors of v?
2, 11
Suppose 2*r - 15 = 5*r. Let z(j) = -9*j - 7. Let c be z(r). Suppose 0 = -3*q + c - 2. What are the prime factors of q?
2, 3
Suppose -5*d - 241 = -61. Let q = -1 - d. List the prime factors of q.
5, 7
Suppose -m + 4 = 4*v, -2*v = -3*v - 5*m + 1. Let u(t) = 11*t - 1. What are the prime factors of u(v)?
2, 5
Let q(j) be the third derivative of -j**6/40 + j**5/15 - j**4/4 + j**3 + 4*j**2. Let z be q(4). List the prime factors of 15/(-25) + z/(-10).
2, 7
What are the prime factors of (-2 - -7) + 0 + -1?
2
Let g be 0 + -2 - -3 - 0. Suppose g = -q + 13. List the prime factors of q.
2, 3
Let i(n) = n**2 + n. Suppose 5*v - 2 = -17. What are the prime factors of i(v)?
2, 3
Suppose -5*i - 4*k = -16, 3*i + 6*k = k + 20. Let s = i + 4. Let f(q) = q**3 - 3*q**2 - 3*q + 2. What are the prime factors of f(s)?
2, 3
Suppose -2*g + 53 = 3*c - 2*c, -5*g + 2*c + 110 = 0. List the prime factors of g.
2, 3
Let p(d) be the second derivative of 2*d**3/3 + d**2/2 + d. List the prime factors of p(2).
3
Suppose 0*c = 5*c - 10. Suppose 0*p = -p + c. Suppose 0 = p*g - 2*r - 22, -g - 3*g - 2*r = -74. List the prime factors of g.
2
Suppose 3*j + 14 = -0*x + 5*x, -5*x = 4*j - 28. List the prime factors of (x + (-64)/20)*25.
2, 5
Let i(m) = m**2 - 6*m - 4. Let o be i(7). List the prime factors of o - (-3 + 9*-1).
3, 5
Let o(s) = -4 - 2*s**2 - s**2 + 3*s + 4*s**2. Let p be o(-4). Suppose p = 2*t - t - 17. What are the prime factors of t?
17
Let u(f) = -f**3 - f**2 + 4. Let j be u(0). Suppose 4*o = -4*y + 136, j*o - 5*y - 58 = 3*o. List the prime factors of o.
2, 19
Let u = 13 + -8. Suppose -32 = -2*x - x + 4*s, 3*s - 5 = -u*x. Suppose -t - x = -16. List the prime factors of t.
2, 3
Suppose 0 = 2*v - 0*v - 5*u - 29, -5*v + 5*u = -110. What are the prime factors of v?
3
